Tous les Rapports et Archives Climatiques NOAA



NOAA style reports

Cliquer sur les années pour voir les archives et les données des années selectionnées.

Cliquer sur les mois (selon les années) pour voir les archives et les données des mois selectionnées.

2024: Jan | Feb | Mar | Apr | May | Jun | Jul | Aug | Sep | Oct | Nov | Dec 
2023: Jan | Feb | Mar | Apr | May | Jun | Jul | Aug | Sep | Oct | Nov | Dec 
2022: Jan | Feb | Mar | Apr | May | Jun | Jul | Aug | Sep | Oct | Nov | Dec 
2021: Jan | Feb | Mar | Apr | May | Jun | Jul | Aug | Sep | Oct | Nov | Dec 
2020: Jan | Feb | Mar | Apr | May | Jun | Jul | Aug | Sep | Oct | Nov | Dec 
2019: Jan | Feb | Mar | Apr | May | Jun | Jul | Aug | Sep | Oct | Nov | Dec 
2018: Jan | Feb | Mar | Apr | May | Jun | Jul | Aug | Sep | Oct | Nov | Dec 
2017: Jan | Feb | Mar | Apr | May | Jun | Jul | Aug | Sep | Oct | Nov | Dec 
2016: Jan | Feb | Mar | Apr | May | Jun | Jul | Aug | Sep | Oct | Nov | Dec 
2015: Jan | Feb | Mar | Apr | May | Jun | Jul | Aug | Sep | Oct | Nov | Dec 
2014: Jan | Feb | Mar | Apr | May | Jun | Jul | Aug | Sep | Oct | Nov | Dec 
2013: Jan | Feb | Mar | Apr | May | Jun | Jul | Aug | Sep | Oct | Nov | Dec 
2012: Jan | Feb | Mar | Apr | May | Jun | Jul | Aug | Sep | Oct | Nov | Dec 
2011: Jan | Feb | Mar | Apr | May | Jun | Jul | Aug | Sep | Oct | Nov | Dec 

Report for 2024 07
MONTHLY CLIMATOLOGICAL SUMMARY for JUL. 2024 NAME: danaklab CITY: Domdidier STATE: FR ELEV: 444 m LAT: 46° 52' 09" N LONG: 7° 00' 32" E TEMPERATURE (°C), RAIN (mm), WIND SPEED (km/hr) HEAT COOL AVG MEAN DEG DEG WIND DOM DAY TEMP HIGH TIME LOW TIME DAYS DAYS RAIN SPEED HIGH TIME DIR ------------------------------------------------------------------------------------ 1 19.5 26.3 15:50 16.2 6:40 0.5 1.7 2.4 1.1 38.6 16:50 W 2 17.9 22.9 14:00 14.8 6:20 1.3 0.9 0.0 1.9 25.7 18:40 NW 3 16.2 20.4 12:00 13.9 5:40 2.3 0.2 3.8 1.1 25.7 15:40 SSW 4 18.2 24.3 16:30 11.9 3:00 1.8 1.7 0.0 8.2 38.6 15:00 WSW 5 21.3 29.7 17:20 12.1 6:50 1.3 4.3 0.0 0.3 12.9 12:10 NE 6 17.7 23.3 15:50 14.3 6:20 1.5 0.9 23.0 3.1 45.1 11:30 SW 7 17.2 23.6 17:40 13.4 6:10 2.1 1.0 1.0 1.0 16.1 14:10 ENE 8 20.1 29.1 17:30 11.4 6:30 2.0 3.9 0.0 1.0 20.9 17:50 W 9 23.3 33.4 17:00 13.5 6:20 1.1 6.1 0.0 0.5 14.5 17:10 SSW 10 22.9 27.2 16:10 19.9 7:50 0.0 4.6 8.2 0.2 11.3 11:50 NW 11 22.7 30.4 15:50 18.9 6:20 0.0 4.4 4.2 0.3 24.1 17:30 W 12 19.5 24.6 13:20 16.1 00:00 0.3 1.5 12.2 2.6 33.8 13:20 SW 13 19.1 25.5 17:50 13.6 7:00 1.4 2.2 0.0 0.8 17.7 14:00 W 14 19.6 27.6 15:30 10.7 6:30 2.2 3.4 0.0 0.2 14.5 14:20 NNW 15 22.0 30.0 14:40 15.7 6:00 0.6 4.3 0.0 0.8 29.0 20:00 NE 16 21.5 27.1 16:50 18.0 7:10 0.0 3.2 4.2 3.9 32.2 15:30 W 17 22.2 29.5 16:30 15.5 7:00 0.5 4.4 0.0 2.1 20.9 18:50 NE 18 22.7 31.7 16:40 13.8 6:20 0.9 5.4 0.0 0.3 14.5 14:20 NNW 19 23.7 33.0 15:20 15.1 6:40 0.5 6.0 0.0 0.5 17.7 15:00 W 20 19.9 20.8 0:10 19.1 2:00 0.0 0.1 0.0 0.0 0.0 --- --- 21 22 23 24 25 26 27 28 29 30 31 ------------------------------------------------------------------------------------- 20.4 33.4 9 10.7 14 20.4 60.1 59.0 1.5 45.1 6 W Max >= 32.0: 2 Max <= 0.0: 0 Min <= 0.0: 0 Min <= -18.0: 0 Max Rain: 23.01 ON 06.07.24 Days of Rain: 8 (> .2 mm) 7 (> 2 mm) 1 (> 20 mm) Heat Base: 18.3 Cool Base: 18.3 Method: Integration