Tous les Rapports et Archives Climatiques NOAA |
Cliquer sur les années pour voir les archives et les données des années selectionnées.
Cliquer sur les mois (selon les années) pour voir les archives et les données des mois selectionnées.
2024: Jan | Feb | Mar | Apr | May | Jun | Jul | Aug | Sep | Oct | Nov | Dec 2023: Jan | Feb | Mar | Apr | May | Jun | Jul | Aug | Sep | Oct | Nov | Dec 2022: Jan | Feb | Mar | Apr | May | Jun | Jul | Aug | Sep | Oct | Nov | Dec 2021: Jan | Feb | Mar | Apr | May | Jun | Jul | Aug | Sep | Oct | Nov | Dec 2020: Jan | Feb | Mar | Apr | May | Jun | Jul | Aug | Sep | Oct | Nov | Dec 2019: Jan | Feb | Mar | Apr | May | Jun | Jul | Aug | Sep | Oct | Nov | Dec 2018: Jan | Feb | Mar | Apr | May | Jun | Jul | Aug | Sep | Oct | Nov | Dec 2017: Jan | Feb | Mar | Apr | May | Jun | Jul | Aug | Sep | Oct | Nov | Dec 2016: Jan | Feb | Mar | Apr | May | Jun | Jul | Aug | Sep | Oct | Nov | Dec 2015: Jan | Feb | Mar | Apr | May | Jun | Jul | Aug | Sep | Oct | Nov | Dec 2014: Jan | Feb | Mar | Apr | May | Jun | Jul | Aug | Sep | Oct | Nov | Dec 2013: Jan | Feb | Mar | Apr | May | Jun | Jul | Aug | Sep | Oct | Nov | Dec 2012: Jan | Feb | Mar | Apr | May | Jun | Jul | Aug | Sep | Oct | Nov | Dec 2011: Jan | Feb | Mar | Apr | May | Jun | Jul | Aug | Sep | Oct | Nov | Dec
Report for 2024 04
MONTHLY CLIMATOLOGICAL SUMMARY for APR. 2024 NAME: danaklab CITY: Domdidier STATE: FR ELEV: 444 m LAT: 46° 52' 09" N LONG: 7° 00' 32" E TEMPERATURE (°C), RAIN (mm), WIND SPEED (km/hr) HEAT COOL AVG MEAN DEG DEG WIND DOM DAY TEMP HIGH TIME LOW TIME DAYS DAYS RAIN SPEED HIGH TIME DIR ------------------------------------------------------------------------------------ 1 9.7 13.1 17:20 6.8 21:40 8.6 0.0 7.0 13.0 54.7 19:10 SW 2 9.4 14.7 17:10 4.7 00:00 8.8 0.0 0.6 10.6 49.9 14:10 SW 3 8.5 12.4 18:30 3.4 2:00 9.8 0.0 0.6 10.3 57.9 13:40 SSW 4 12.8 17.9 13:30 7.4 5:50 5.5 0.0 0.2 7.4 45.1 13:00 SW 5 14.4 22.9 15:10 5.4 7:30 4.8 0.9 0.0 5.0 41.8 13:40 SSW 6 15.6 26.6 16:10 6.2 7:30 4.5 1.8 0.0 0.2 16.1 16:10 W 7 15.9 25.8 17:10 7.1 8:00 4.3 1.9 0.0 0.5 12.9 16:20 ENE 8 16.9 24.7 16:50 9.8 7:20 3.1 1.7 0.0 0.2 16.1 16:50 W 9 9.7 15.2 6:10 6.0 23:10 8.6 0.0 5.4 5.1 38.6 6:50 SSW 10 7.9 12.7 16:30 2.9 7:50 10.4 0.0 1.6 2.7 27.4 17:30 ENE 11 10.2 18.8 15:50 1.5 7:20 8.1 0.0 0.0 1.4 19.3 12:20 ENE 12 12.7 23.3 16:20 3.2 7:10 6.5 0.9 0.0 0.3 14.5 12:10 ENE 13 15.2 26.2 17:40 5.3 7:00 5.1 2.0 0.0 0.2 9.7 12:50 W 14 17.7 29.2 15:30 6.6 7:20 3.9 3.3 0.0 1.1 24.1 16:00 WSW 15 16.1 20.7 16:20 11.6 00:00 2.7 0.4 0.6 14.8 61.2 15:30 W 16 8.9 12.4 16:00 5.4 21:50 9.4 0.0 2.6 16.6 48.3 12:00 WSW 17 6.5 12.2 15:50 4.3 23:10 11.8 0.0 2.6 7.2 30.6 16:40 SSW 18 5.5 11.2 16:10 2.3 3:50 12.8 0.0 5.4 1.8 22.5 18:00 ENE 19 4.8 8.9 17:30 -0.4 5:30 13.5 0.0 6.4 9.5 54.7 19:00 SW 20 6.8 12.1 15:40 3.4 7:00 11.5 0.0 2.6 2.6 35.4 17:10 NW 21 4.6 10.8 16:00 0.9 00:00 13.8 0.0 1.8 3.1 27.4 15:00 NW 22 3.2 5.8 13:00 -0.2 4:10 15.1 0.0 0.4 4.5 30.6 18:50 ENE 23 5.0 8.1 15:10 2.5 5:50 13.3 0.0 0.0 4.2 35.4 11:50 ENE 24 5.2 10.4 12:10 -0.4 5:00 11.4 0.0 0.0 5.0 30.6 14:40 W 25 26 27 28 29 30 ------------------------------------------------------------------------------------- 10.1 29.2 14 -0.4 19 207.2 12.9 37.8 5.3 61.2 15 SSW Max >= 32.0: 0 Max <= 0.0: 0 Min <= 0.0: 3 Min <= -18.0: 0 Max Rain: 7.01 ON 01.04.24 Days of Rain: 14 (> .2 mm) 7 (> 2 mm) 0 (> 20 mm) Heat Base: 18.3 Cool Base: 18.3 Method: Integration