Tous les Rapports et Archives Climatiques NOAA



NOAA style reports

Cliquer sur les années pour voir les archives et les données des années selectionnées.

Cliquer sur les mois (selon les années) pour voir les archives et les données des mois selectionnées.

2024: Jan | Feb | Mar | Apr | May | Jun | Jul | Aug | Sep | Oct | Nov | Dec 
2023: Jan | Feb | Mar | Apr | May | Jun | Jul | Aug | Sep | Oct | Nov | Dec 
2022: Jan | Feb | Mar | Apr | May | Jun | Jul | Aug | Sep | Oct | Nov | Dec 
2021: Jan | Feb | Mar | Apr | May | Jun | Jul | Aug | Sep | Oct | Nov | Dec 
2020: Jan | Feb | Mar | Apr | May | Jun | Jul | Aug | Sep | Oct | Nov | Dec 
2019: Jan | Feb | Mar | Apr | May | Jun | Jul | Aug | Sep | Oct | Nov | Dec 
2018: Jan | Feb | Mar | Apr | May | Jun | Jul | Aug | Sep | Oct | Nov | Dec 
2017: Jan | Feb | Mar | Apr | May | Jun | Jul | Aug | Sep | Oct | Nov | Dec 
2016: Jan | Feb | Mar | Apr | May | Jun | Jul | Aug | Sep | Oct | Nov | Dec 
2015: Jan | Feb | Mar | Apr | May | Jun | Jul | Aug | Sep | Oct | Nov | Dec 
2014: Jan | Feb | Mar | Apr | May | Jun | Jul | Aug | Sep | Oct | Nov | Dec 
2013: Jan | Feb | Mar | Apr | May | Jun | Jul | Aug | Sep | Oct | Nov | Dec 
2012: Jan | Feb | Mar | Apr | May | Jun | Jul | Aug | Sep | Oct | Nov | Dec 
2011: Jan | Feb | Mar | Apr | May | Jun | Jul | Aug | Sep | Oct | Nov | Dec 

Report for 2024 02
MONTHLY CLIMATOLOGICAL SUMMARY for FEB. 2024 NAME: danaklab CITY: Domdidier STATE: FR ELEV: 444 m LAT: 46° 52' 09" N LONG: 7° 00' 32" E TEMPERATURE (°C), RAIN (mm), WIND SPEED (km/hr) HEAT COOL AVG MEAN DEG DEG WIND DOM DAY TEMP HIGH TIME LOW TIME DAYS DAYS RAIN SPEED HIGH TIME DIR ------------------------------------------------------------------------------------ 1 3.7 8.2 16:20 -0.5 3:50 14.6 0.0 1.4 0.2 11.3 12:50 WSW 2 4.3 8.7 15:30 0.9 23:40 14.0 0.0 0.4 0.0 4.8 13:40 E 3 4.1 15.1 16:30 -1.7 8:20 14.2 0.0 0.0 0.0 4.8 14:00 W 4 4.4 14.7 16:00 -1.4 8:10 13.9 0.0 0.2 0.0 8.0 13:40 W 5 3.7 13.7 16:10 -1.9 8:20 14.6 0.0 0.2 0.0 8.0 12:20 NE 6 3.9 13.2 14:40 -1.2 7:40 14.3 0.0 0.0 1.1 20.9 15:00 WSW 7 6.3 12.1 15:30 1.8 2:30 12.0 0.0 5.2 9.2 38.6 14:50 SW 8 9.0 13.6 16:00 7.0 2:50 9.3 0.0 1.8 7.4 35.4 12:10 SW 9 9.5 11.8 12:40 7.7 23:50 8.8 0.0 2.2 1.3 30.6 3:10 SSW 10 7.8 10.7 14:50 5.9 00:00 10.5 0.0 0.4 2.7 41.8 22:20 SSW 11 7.0 10.3 14:00 4.9 7:30 11.3 0.0 0.4 12.9 40.2 14:30 SSW 12 7.3 10.7 13:40 4.9 5:10 11.0 0.0 0.2 1.6 25.7 0:10 SSW 13 5.9 13.1 15:20 0.7 8:30 12.4 0.0 0.0 0.0 1.6 11:30 W 14 7.4 13.9 15:30 2.7 1:00 10.9 0.0 0.0 0.2 11.3 13:20 WSW 15 5.7 12.8 15:30 0.3 5:30 12.6 0.0 0.0 0.0 0.0 --- --- 16 9.0 16.9 16:00 3.4 7:00 9.3 0.0 0.0 0.0 8.0 14:30 WNW 17 9.6 15.1 15:00 5.3 4:40 8.7 0.0 0.0 1.1 17.7 14:20 NE 18 10.3 14.0 16:10 8.1 23:20 8.0 0.0 3.6 1.0 16.1 15:00 WSW 19 9.5 13.6 16:10 7.4 7:40 8.8 0.0 4.4 1.0 25.7 22:00 SW 20 7.7 12.4 17:00 2.5 00:00 10.6 0.0 1.4 0.2 11.3 13:30 ENE 21 5.8 11.9 23:30 0.3 6:40 12.5 0.0 0.0 1.4 45.1 23:40 SSW 22 8.9 11.8 0:10 6.8 22:10 9.4 0.0 17.2 14.6 59.5 21:00 SW 23 6.1 10.6 14:10 2.1 8:30 12.3 0.0 0.2 7.7 53.1 0:40 SSW 24 5.9 10.3 15:30 0.6 00:00 12.4 0.0 0.4 8.0 45.1 13:20 SSW 25 4.6 12.2 15:20 -1.4 8:10 13.4 0.0 0.0 0.5 17.7 21:10 NE 26 7.5 13.7 16:10 2.7 00:00 10.8 0.0 1.6 0.5 14.5 2:30 NE 27 6.3 10.3 13:00 2.0 4:00 12.0 0.0 0.0 4.0 40.2 13:00 ENE 28 8.2 9.8 15:20 7.1 23:50 10.1 0.0 0.0 2.7 20.9 12:00 ENE 29 9.0 14.1 15:50 5.6 7:20 7.4 0.0 0.0 0.0 8.0 10:00 ENE ------------------------------------------------------------------------------------- 6.8 16.9 16 -1.9 5 330.1 0.0 41.2 2.7 59.5 22 SSW Max >= 32.0: 0 Max <= 0.0: 0 Min <= 0.0: 6 Min <= -18.0: 0 Max Rain: 17.20 ON 22.02.24 Days of Rain: 17 (> .2 mm) 5 (> 2 mm) 0 (> 20 mm) Heat Base: 18.3 Cool Base: 18.3 Method: Integration