Tous les Rapports et Archives Climatiques NOAA



NOAA style reports

Cliquer sur les années pour voir les archives et les données des années selectionnées.

Cliquer sur les mois (selon les années) pour voir les archives et les données des mois selectionnées.

2023: Jan | Feb | Mar | Apr | May | Jun | Jul | Aug | Sep | Oct | Nov | Dec 
2022: Jan | Feb | Mar | Apr | May | Jun | Jul | Aug | Sep | Oct | Nov | Dec 
2021: Jan | Feb | Mar | Apr | May | Jun | Jul | Aug | Sep | Oct | Nov | Dec 
2020: Jan | Feb | Mar | Apr | May | Jun | Jul | Aug | Sep | Oct | Nov | Dec 
2019: Jan | Feb | Mar | Apr | May | Jun | Jul | Aug | Sep | Oct | Nov | Dec 
2018: Jan | Feb | Mar | Apr | May | Jun | Jul | Aug | Sep | Oct | Nov | Dec 
2017: Jan | Feb | Mar | Apr | May | Jun | Jul | Aug | Sep | Oct | Nov | Dec 
2016: Jan | Feb | Mar | Apr | May | Jun | Jul | Aug | Sep | Oct | Nov | Dec 
2015: Jan | Feb | Mar | Apr | May | Jun | Jul | Aug | Sep | Oct | Nov | Dec 
2014: Jan | Feb | Mar | Apr | May | Jun | Jul | Aug | Sep | Oct | Nov | Dec 
2013: Jan | Feb | Mar | Apr | May | Jun | Jul | Aug | Sep | Oct | Nov | Dec 
2012: Jan | Feb | Mar | Apr | May | Jun | Jul | Aug | Sep | Oct | Nov | Dec 
2011: Jan | Feb | Mar | Apr | May | Jun | Jul | Aug | Sep | Oct | Nov | Dec 

Rapport pour la periode: 2019 08 MONTHLY CLIMATOLOGICAL SUMMARY for AUG. 2019 NAME: danaklab CITY: Domdidier STATE: FR ELEV: 444 m LAT: 46° 52' 09" N LONG: 7° 00' 32" E TEMPERATURE (°C), RAIN (mm), WIND SPEED (km/hr) HEAT COOL AVG MEAN DEG DEG WIND DOM DAY TEMP HIGH TIME LOW TIME DAYS DAYS RAIN SPEED HIGH TIME DIR ------------------------------------------------------------------------------------ 1 20.6 28.3 16:20 11.8 6:50 1.6 3.9 0.2 2.9 17.7 14:10 NE 2 20.9 27.8 17:50 16.4 6:00 0.4 3.1 3.0 1.4 14.5 14:50 WSW 3 21.6 29.4 17:10 14.3 6:50 0.9 4.2 0.0 2.1 16.1 12:40 S 4 21.3 30.5 17:00 12.2 6:50 1.6 4.6 0.0 1.3 14.5 17:20 WNW 5 24.5 32.2 16:50 17.3 6:40 0.1 6.3 0.0 5.3 32.2 13:10 WSW 6 20.7 25.7 17:00 18.5 23:40 0.0 2.4 24.4 2.1 30.6 15:00 E 7 19.3 22.8 17:20 16.8 6:20 0.4 1.4 6.4 5.8 33.8 15:20 SW 8 21.3 30.3 17:50 13.3 7:00 1.2 4.2 0.0 1.3 11.3 9:50 SSW 9 23.3 34.1 16:40 14.9 6:40 0.7 5.7 8.2 2.1 22.5 23:10 W 10 21.1 26.7 18:20 16.9 10:30 0.1 2.9 17.6 3.5 19.3 9:20 SSW 11 19.4 28.4 15:50 13.9 7:00 1.3 2.3 5.8 3.1 53.1 17:10 NW 12 18.2 21.9 15:40 16.2 23:40 0.9 0.8 4.8 2.4 19.3 19:30 W 13 17.8 23.4 16:30 13.8 7:00 1.7 1.1 0.0 2.7 20.9 17:10 NW 14 17.5 25.6 18:00 9.3 6:40 2.9 2.1 0.0 1.8 17.7 14:20 ENE 15 18.1 25.4 16:00 11.7 4:30 2.1 1.9 0.0 6.3 40.2 16:30 W 16 19.2 26.6 18:00 11.8 7:10 1.8 2.6 0.0 1.6 16.1 13:50 SW 17 20.6 29.1 16:00 12.5 4:50 1.7 4.0 0.0 3.2 35.4 16:40 SW 18 23.7 32.7 17:10 14.9 6:40 0.6 6.0 6.6 6.0 41.8 17:10 ENE 19 19.4 23.6 14:30 17.0 00:00 0.2 1.3 17.2 3.1 27.4 15:50 NW 20 15.8 17.4 13:20 13.2 23:00 2.5 0.0 21.0 1.4 19.3 21:50 ENE 21 16.1 21.1 16:50 11.3 5:20 2.7 0.5 0.2 10.0 38.6 16:40 ENE 22 18.1 23.6 16:40 13.3 4:40 1.6 1.3 0.0 3.5 19.3 15:40 ENE 23 16.8 23.6 17:40 11.6 5:00 2.4 0.9 0.0 2.7 19.3 19:20 ENE 24 19.0 28.1 17:50 10.8 7:10 2.4 3.2 0.0 1.3 14.5 17:40 ENE 25 20.9 31.2 16:50 12.4 6:50 1.6 4.3 0.0 0.8 12.9 13:10 W 26 20.7 31.6 17:30 11.8 7:20 1.7 4.1 0.0 1.0 11.3 15:40 W 27 21.1 30.2 16:40 12.5 7:00 1.6 4.4 0.0 0.8 11.3 14:40 SW 28 23.3 30.3 16:40 17.7 8:00 0.0 5.1 0.2 2.9 25.7 2:30 ENE 29 22.8 30.2 16:10 16.6 7:40 0.2 4.7 0.8 1.4 17.7 16:30 NW 30 22.6 30.9 16:50 15.8 6:50 0.5 4.8 0.0 2.3 17.7 12:50 NE 31 22.9 32.5 17:10 15.2 7:20 0.6 5.2 0.0 1.9 20.9 15:10 W ------------------------------------------------------------------------------------- 20.3 34.1 9 9.3 14 37.9 99.3 116.4 2.8 53.1 11 ENE Max >= 32.0: 4 Max <= 0.0: 0 Min <= 0.0: 0 Min <= -18.0: 0 Max Rain: 24.41 ON 06.08.19 Days of Rain: 14 (> .2 mm) 10 (> 2 mm) 2 (> 20 mm) Heat Base: 18.3 Cool Base: 18.3 Method: Integration