Tous les Rapports et Archives Climatiques NOAA



NOAA style reports

Cliquer sur les années pour voir les archives et les données des années selectionnées.

Cliquer sur les mois (selon les années) pour voir les archives et les données des mois selectionnées.

2023: Jan | Feb | Mar | Apr | May | Jun | Jul | Aug | Sep | Oct | Nov | Dec 
2022: Jan | Feb | Mar | Apr | May | Jun | Jul | Aug | Sep | Oct | Nov | Dec 
2021: Jan | Feb | Mar | Apr | May | Jun | Jul | Aug | Sep | Oct | Nov | Dec 
2020: Jan | Feb | Mar | Apr | May | Jun | Jul | Aug | Sep | Oct | Nov | Dec 
2019: Jan | Feb | Mar | Apr | May | Jun | Jul | Aug | Sep | Oct | Nov | Dec 
2018: Jan | Feb | Mar | Apr | May | Jun | Jul | Aug | Sep | Oct | Nov | Dec 
2017: Jan | Feb | Mar | Apr | May | Jun | Jul | Aug | Sep | Oct | Nov | Dec 
2016: Jan | Feb | Mar | Apr | May | Jun | Jul | Aug | Sep | Oct | Nov | Dec 
2015: Jan | Feb | Mar | Apr | May | Jun | Jul | Aug | Sep | Oct | Nov | Dec 
2014: Jan | Feb | Mar | Apr | May | Jun | Jul | Aug | Sep | Oct | Nov | Dec 
2013: Jan | Feb | Mar | Apr | May | Jun | Jul | Aug | Sep | Oct | Nov | Dec 
2012: Jan | Feb | Mar | Apr | May | Jun | Jul | Aug | Sep | Oct | Nov | Dec 
2011: Jan | Feb | Mar | Apr | May | Jun | Jul | Aug | Sep | Oct | Nov | Dec 

Rapport pour la periode: 2018 08 MONTHLY CLIMATOLOGICAL SUMMARY for August 18 NAME: Meteo_Danaklab_Domdidier CITY: Domdidier (Switzerland) STATE: ELEV: 444 m LAT: 46° 51' 52" N LONG: 7° 00' 31" E TEMPERATURE (°C), RAIN (mm), WIND SPEED (km/h) HEAT COOL AVG MEAN DEG DEG WIND DOM DAY TEMP HIGH TIME LOW TIME DAYS DAYS RAIN SPEED HIGH TIME DIR ------------------------------------------------------------------------------------ 01 24.5 35.4 16:10 17.5 07:00 0.1 6.2 0.2 2.5 29.0 16:30 NNE 02 24.9 32.8 17:40 16.7 07:00 0.2 6.8 0.0 4.8 29.0 17:20 NE 03 27.3 35.1 17:50 18.7 07:20 0.0 9.0 0.0 4.9 27.4 15:10 NE 04 26.0 34.7 14:10 18.6 07:00 0.0 7.7 0.0 2.2 24.1 18:10 NNW 05 26.8 36.1 16:00 17.7 07:10 0.0 8.6 0.0 3.5 24.1 15:20 NE 06 26.7 34.3 17:40 19.2 07:10 0.0 8.4 0.2 3.7 38.6 21:40 WSW 07 25.6 34.5 17:50 18.7 07:50 0.0 7.4 1.6 4.0 25.7 16:10 SW 08 24.8 32.2 17:00 20.3 03:50 0.0 6.5 0.8 3.6 32.2 18:10 N 09 21.1 26.6 11:50 16.8 07:20 0.1 2.9 0.0 8.4 41.8 13:20 SW 10 21.1 27.6 17:20 15.8 07:50 0.5 3.3 0.0 3.1 24.1 01:00 WSW 11 20.2 28.3 17:20 11.9 07:10 1.6 3.5 0.0 2.0 16.1 14:20 NW 12 21.0 31.3 16:00 10.1 07:10 2.2 4.9 0.0 4.0 38.6 17:10 SW 13 20.2 26.2 17:40 15.4 04:30 0.4 2.4 5.0 7.0 41.8 06:30 SW 14 20.1 25.0 18:10 16.7 05:50 0.5 2.3 2.6 2.5 19.3 14:00 W 15 20.9 29.4 16:40 12.8 07:10 1.4 4.1 0.0 3.0 19.3 14:40 NE 16 21.6 31.6 17:20 12.1 06:50 1.6 4.9 0.0 1.6 16.1 16:00 N 17 20.8 29.5 12:50 15.3 06:20 0.6 3.1 0.0 3.0 29.0 13:40 SSW 18 21.1 29.3 17:00 14.7 05:00 1.1 4.0 0.0 3.0 22.5 12:30 NE 19 22.9 32.1 16:50 14.8 07:00 0.8 5.3 0.0 1.9 16.1 14:50 N 20 23.3 32.3 16:30 14.4 07:30 0.8 5.8 0.0 2.2 17.7 15:30 NE 21 23.4 33.4 16:50 14.0 07:20 0.9 6.0 0.0 2.4 19.3 15:20 NNE 22 24.3 33.6 18:10 15.4 07:00 0.5 6.4 0.0 2.3 22.5 16:30 WSW 23 24.6 32.5 15:00 17.0 07:00 0.1 6.4 0.0 4.2 27.4 15:00 WSW 24 21.1 25.4 15:50 17.5 07:30 0.1 2.8 1.4 7.2 37.0 12:10 WSW 25 14.7 18.4 17:50 11.9 23:10 3.6 0.0 3.6 5.1 24.1 10:30 SW 26 15.0 22.3 17:20 8.8 07:10 4.1 0.8 0.4 3.0 25.7 13:50 NNE 27 18.5 29.4 17:10 8.7 06:50 3.5 3.7 0.0 1.8 16.1 12:50 W 28 21.2 30.8 17:20 12.2 07:20 1.4 4.3 0.0 1.7 16.1 16:00 NNW 29 19.4 27.1 18:00 13.2 05:20 1.4 2.6 2.2 6.0 49.9 18:40 SW 30 18.3 21.2 15:00 16.3 07:10 0.6 0.7 0.0 4.5 25.7 10:50 NW 31 15.8 17.9 14:40 13.0 23:20 2.4 0.0 4.8 2.2 19.3 18:00 ENE ------------------------------------------------------------------------------------- 21.8 36.1 5 8.7 27 30.2 140.5 22.8 3.6 49.9 29 WNW Max >= 32.0: 13 Max <= 0.0: 0 Min <= 0.0: 0 Min <= -18.0: 0 Max Rain: 5.00 ON 13/08/18 Days of Rain: 9 (> .2 mm) 5 (> 2 mm) 0 (> 20 mm) Heat Base: 18.3 Cool Base: 18.3 Method: Integration