Tous les Rapports et Archives Climatiques NOAA



NOAA style reports

Cliquer sur les années pour voir les archives et les données des années selectionnées.

Cliquer sur les mois (selon les années) pour voir les archives et les données des mois selectionnées.

2023: Jan | Feb | Mar | Apr | May | Jun | Jul | Aug | Sep | Oct | Nov | Dec 
2022: Jan | Feb | Mar | Apr | May | Jun | Jul | Aug | Sep | Oct | Nov | Dec 
2021: Jan | Feb | Mar | Apr | May | Jun | Jul | Aug | Sep | Oct | Nov | Dec 
2020: Jan | Feb | Mar | Apr | May | Jun | Jul | Aug | Sep | Oct | Nov | Dec 
2019: Jan | Feb | Mar | Apr | May | Jun | Jul | Aug | Sep | Oct | Nov | Dec 
2018: Jan | Feb | Mar | Apr | May | Jun | Jul | Aug | Sep | Oct | Nov | Dec 
2017: Jan | Feb | Mar | Apr | May | Jun | Jul | Aug | Sep | Oct | Nov | Dec 
2016: Jan | Feb | Mar | Apr | May | Jun | Jul | Aug | Sep | Oct | Nov | Dec 
2015: Jan | Feb | Mar | Apr | May | Jun | Jul | Aug | Sep | Oct | Nov | Dec 
2014: Jan | Feb | Mar | Apr | May | Jun | Jul | Aug | Sep | Oct | Nov | Dec 
2013: Jan | Feb | Mar | Apr | May | Jun | Jul | Aug | Sep | Oct | Nov | Dec 
2012: Jan | Feb | Mar | Apr | May | Jun | Jul | Aug | Sep | Oct | Nov | Dec 
2011: Jan | Feb | Mar | Apr | May | Jun | Jul | Aug | Sep | Oct | Nov | Dec 

Rapport pour la periode: 2018 06 MONTHLY CLIMATOLOGICAL SUMMARY for JUN. 2018 NAME: danaklab CITY: Domdidier STATE: FR ELEV: 444 m LAT: 46° 52' 09" N LONG: 7° 00' 32" E TEMPERATURE (°C), RAIN (mm), WIND SPEED (km/hr) HEAT COOL AVG MEAN DEG DEG WIND DOM DAY TEMP HIGH TIME LOW TIME DAYS DAYS RAIN SPEED HIGH TIME DIR ------------------------------------------------------------------------------------ 1 18.9 25.8 16:40 13.2 6:30 1.6 2.3 0.0 3.2 20.9 15:00 NW 2 20.2 28.7 17:20 12.2 6:20 1.6 3.6 0.0 1.9 14.5 19:30 S 3 20.2 27.1 15:10 13.4 6:20 1.1 2.9 2.0 3.7 24.1 20:10 NE 4 19.6 25.8 14:50 15.4 5:40 0.7 2.0 0.6 2.7 20.9 21:30 WSW 5 21.2 27.9 16:20 15.1 5:20 0.8 3.6 0.2 3.5 27.4 23:00 SW 6 20.2 27.2 17:10 15.5 6:30 0.6 2.5 3.6 3.7 29.0 19:20 WSW 7 20.3 26.8 17:30 16.2 6:00 0.6 2.5 11.4 3.1 19.3 16:10 SW 8 19.9 26.9 15:10 17.1 6:00 0.4 1.9 0.4 3.5 22.5 13:40 WSW 9 21.1 28.1 16:10 15.1 6:00 0.7 3.6 0.2 1.9 14.5 15:00 W 10 22.8 29.6 16:40 15.6 6:30 0.3 4.8 0.0 2.1 17.7 18:50 SW 11 19.8 24.1 17:50 16.9 00:00 0.1 1.6 28.4 2.9 24.1 23:00 NE 12 17.8 23.4 16:50 14.8 00:00 1.3 0.8 23.4 2.7 22.5 18:50 SW 13 14.8 15.8 18:50 12.3 00:00 3.5 0.0 2.8 4.8 25.7 12:40 ENE 14 16.3 23.3 18:00 9.1 5:50 3.2 1.2 0.0 4.2 20.9 12:10 ENE 15 18.9 25.8 17:20 11.8 6:20 1.7 2.3 0.0 4.7 24.1 11:20 ENE 16 19.9 27.7 16:40 10.9 6:10 1.9 3.6 0.0 2.6 17.7 12:20 NE 17 20.8 26.7 14:00 17.4 00:00 0.1 2.5 0.0 4.5 30.6 15:20 NNW 18 21.2 27.6 16:40 16.3 6:30 0.4 3.3 0.0 2.9 20.9 19:20 ENE 19 21.2 28.9 17:40 12.7 6:10 1.3 4.3 0.0 5.1 25.7 17:40 ENE 20 23.1 32.1 16:20 13.2 6:10 1.0 5.8 0.0 1.9 12.9 9:40 SW 21 23.3 30.8 15:40 17.0 6:10 0.1 5.2 0.0 5.6 32.2 20:00 S 22 18.2 23.1 16:00 13.5 6:00 1.3 1.2 0.0 10.1 33.8 6:50 ENE 23 17.1 24.6 16:50 9.2 6:30 2.9 1.7 0.0 6.9 27.4 14:00 ENE 24 17.6 25.2 16:40 11.5 3:40 2.4 1.7 0.0 4.3 22.5 19:20 ENE 25 18.4 24.6 17:10 11.1 6:30 2.1 2.2 0.0 8.2 37.0 13:20 ENE 26 20.5 28.1 16:40 12.6 6:30 1.4 3.6 0.0 7.7 27.4 10:20 ENE 27 21.2 27.3 17:00 14.8 6:00 0.7 3.6 0.0 10.1 40.2 11:40 ENE 28 19.8 25.8 15:20 13.7 5:30 0.9 2.4 0.0 14.3 48.3 13:00 ENE 29 20.7 27.3 17:40 15.3 5:00 0.8 3.2 0.0 8.9 29.0 14:30 NE 30 23.6 33.6 17:20 13.5 6:40 1.1 6.4 0.0 1.9 14.5 13:30 ENE ------------------------------------------------------------------------------------- 20.0 33.6 30 9.1 14 36.6 86.1 73.0 4.8 48.3 28 ENE Max >= 32.0: 2 Max <= 0.0: 0 Min <= 0.0: 0 Min <= -18.0: 0 Max Rain: 28.40 ON 11.06.18 Days of Rain: 10 (> .2 mm) 6 (> 2 mm) 2 (> 20 mm) Heat Base: 18.3 Cool Base: 18.3 Method: Integration