Tous les Rapports et Archives Climatiques NOAA



NOAA style reports

Cliquer sur les années pour voir les archives et les données des années selectionnées.

Cliquer sur les mois (selon les années) pour voir les archives et les données des mois selectionnées.

2023: Jan | Feb | Mar | Apr | May | Jun | Jul | Aug | Sep | Oct | Nov | Dec 
2022: Jan | Feb | Mar | Apr | May | Jun | Jul | Aug | Sep | Oct | Nov | Dec 
2021: Jan | Feb | Mar | Apr | May | Jun | Jul | Aug | Sep | Oct | Nov | Dec 
2020: Jan | Feb | Mar | Apr | May | Jun | Jul | Aug | Sep | Oct | Nov | Dec 
2019: Jan | Feb | Mar | Apr | May | Jun | Jul | Aug | Sep | Oct | Nov | Dec 
2018: Jan | Feb | Mar | Apr | May | Jun | Jul | Aug | Sep | Oct | Nov | Dec 
2017: Jan | Feb | Mar | Apr | May | Jun | Jul | Aug | Sep | Oct | Nov | Dec 
2016: Jan | Feb | Mar | Apr | May | Jun | Jul | Aug | Sep | Oct | Nov | Dec 
2015: Jan | Feb | Mar | Apr | May | Jun | Jul | Aug | Sep | Oct | Nov | Dec 
2014: Jan | Feb | Mar | Apr | May | Jun | Jul | Aug | Sep | Oct | Nov | Dec 
2013: Jan | Feb | Mar | Apr | May | Jun | Jul | Aug | Sep | Oct | Nov | Dec 
2012: Jan | Feb | Mar | Apr | May | Jun | Jul | Aug | Sep | Oct | Nov | Dec 
2011: Jan | Feb | Mar | Apr | May | Jun | Jul | Aug | Sep | Oct | Nov | Dec 

Rapport pour la periode: 2014 07 MONTHLY CLIMATOLOGICAL SUMMARY for JUN. 2014 NAME: danaklab CITY: Domdidier STATE: FR ELEV: 444 m LAT: 46° 52' 09" N LONG: 7° 00' 32" E TEMPERATURE (°C), RAIN (mm), WIND SPEED (km/hr) HEAT COOL AVG MEAN DEG DEG WIND DOM DAY TEMP HIGH TIME LOW TIME DAYS DAYS RAIN SPEED HIGH TIME DIR ------------------------------------------------------------------------------------ 1 15.2 23.8 16:05 6.6 5:35 4.4 1.3 0.0 0.8 14.5 13:45 NW 2 17.1 24.1 15:40 13.1 2:20 2.3 1.1 0.0 1.4 16.1 19:50 NW 3 16.6 22.8 15:00 8.9 6:30 2.9 1.1 0.0 0.5 9.7 14:00 NW 4 13.7 17.9 13:25 10.1 5:10 4.6 0.0 4.6 1.8 22.5 17:20 SW 5 16.7 23.8 17:45 10.6 6:40 3.0 1.4 0.0 0.8 11.3 0:20 WSW 6 18.0 28.0 18:25 7.6 5:55 3.5 3.2 0.0 0.5 11.3 12:55 NE 7 21.1 29.2 18:20 11.8 5:55 1.6 4.3 0.0 0.3 9.7 12:45 NW 8 22.7 32.2 16:55 13.1 6:15 1.1 5.3 0.0 0.3 8.0 15:05 SSW 9 23.8 33.6 17:35 14.2 6:05 0.8 6.3 0.0 0.3 17.7 18:45 E 10 24.0 33.8 16:40 15.7 6:00 0.4 6.1 0.8 0.3 19.3 20:25 WSW 11 23.3 32.1 17:55 14.1 6:00 0.7 5.8 0.0 0.8 12.9 19:05 E 12 23.8 31.8 15:35 16.0 6:10 0.3 5.8 0.0 1.3 16.1 21:25 ENE 13 22.6 29.9 16:25 14.1 6:15 0.7 5.1 0.0 1.1 12.9 15:00 E 14 20.2 25.5 14:40 15.0 5:40 0.5 2.4 0.0 2.6 20.9 20:05 ENE 15 18.0 23.1 17:20 12.9 6:25 1.6 1.2 0.0 4.5 25.7 12:50 ENE 16 18.9 24.9 16:10 12.7 6:00 1.5 2.1 0.0 2.7 27.4 12:10 ENE 17 18.3 24.3 14:55 13.1 5:40 1.7 1.8 4.6 2.9 24.1 14:40 ENE 18 17.7 24.9 16:45 12.1 6:10 2.0 1.4 4.4 1.9 20.9 10:05 E 19 19.1 27.4 16:15 10.6 6:10 2.3 3.1 0.2 0.8 14.5 17:05 NW 20 19.1 26.9 16:00 11.0 6:30 2.1 2.9 0.0 1.1 17.7 16:50 NW 21 20.0 29.1 17:55 9.9 6:20 2.1 3.8 0.0 0.6 9.7 14:25 NW 22 20.2 31.0 16:20 14.3 3:00 1.2 3.1 13.4 0.6 19.3 17:50 WNW 23 19.1 24.3 16:05 14.3 6:10 1.1 1.9 5.2 0.3 9.7 17:35 E 24 18.5 23.9 18:05 15.3 9:30 1.0 1.2 0.0 1.1 14.5 18:20 ENE 25 19.1 26.3 15:35 12.1 4:20 1.8 2.6 0.0 0.8 12.9 12:05 ENE 26 19.3 27.0 16:45 10.5 6:35 2.0 3.1 0.0 0.6 9.7 10:20 NW 27 20.2 27.7 15:25 11.5 6:20 1.7 3.6 0.0 0.5 12.9 14:10 NW 28 19.8 25.2 16:55 14.1 6:50 0.8 2.3 0.2 0.2 9.7 16:30 E 29 16.4 21.0 17:25 12.2 00:00 2.2 0.4 1.0 2.7 22.5 1:00 W 30 16.9 23.2 17:40 12.0 6:00 2.5 1.1 3.6 1.0 14.5 14:00 W ------------------------------------------------------------------------------------- 19.3 33.8 10 6.6 1 54.3 84.7 38.0 1.2 27.4 16 ENE Max >= 32.0: 4 Max <= 0.0: 0 Min <= 0.0: 0 Min <= -18.0: 0 Max Rain: 13.41 ON 22.06.14 Days of Rain: 10 (> .2 mm) 6 (> 2 mm) 0 (> 20 mm) Heat Base: 18.3 Cool Base: 18.3 Method: Integration