Tous les Rapports et Archives Climatiques NOAA



NOAA style reports

Cliquer sur les années pour voir les archives et les données des années selectionnées.

Cliquer sur les mois (selon les années) pour voir les archives et les données des mois selectionnées.

2024: Jan | Feb | Mar | Apr | May | Jun | Jul | Aug | Sep | Oct | Nov | Dec 
2023: Jan | Feb | Mar | Apr | May | Jun | Jul | Aug | Sep | Oct | Nov | Dec 
2022: Jan | Feb | Mar | Apr | May | Jun | Jul | Aug | Sep | Oct | Nov | Dec 
2021: Jan | Feb | Mar | Apr | May | Jun | Jul | Aug | Sep | Oct | Nov | Dec 
2020: Jan | Feb | Mar | Apr | May | Jun | Jul | Aug | Sep | Oct | Nov | Dec 
2019: Jan | Feb | Mar | Apr | May | Jun | Jul | Aug | Sep | Oct | Nov | Dec 
2018: Jan | Feb | Mar | Apr | May | Jun | Jul | Aug | Sep | Oct | Nov | Dec 
2017: Jan | Feb | Mar | Apr | May | Jun | Jul | Aug | Sep | Oct | Nov | Dec 
2016: Jan | Feb | Mar | Apr | May | Jun | Jul | Aug | Sep | Oct | Nov | Dec 
2015: Jan | Feb | Mar | Apr | May | Jun | Jul | Aug | Sep | Oct | Nov | Dec 
2014: Jan | Feb | Mar | Apr | May | Jun | Jul | Aug | Sep | Oct | Nov | Dec 
2013: Jan | Feb | Mar | Apr | May | Jun | Jul | Aug | Sep | Oct | Nov | Dec 
2012: Jan | Feb | Mar | Apr | May | Jun | Jul | Aug | Sep | Oct | Nov | Dec 
2011: Jan | Feb | Mar | Apr | May | Jun | Jul | Aug | Sep | Oct | Nov | Dec 

Rapport pour la periode: 2012 09 MONTHLY CLIMATOLOGICAL SUMMARY for SEP. 2012 NAME: danaklab CITY: Domdidier STATE: FR ELEV: 444 m LAT: 46° 52' 09" N LONG: 7° 00' 32" E TEMPERATURE (°C), RAIN (mm), WIND SPEED (km/hr) HEAT COOL AVG MEAN DEG DEG WIND DOM DAY TEMP HIGH TIME LOW TIME DAYS DAYS RAIN SPEED HIGH TIME DIR ------------------------------------------------------------------------------------ 1 12.3 14.4 12:30 10.2 7:30 6.0 0.0 6.0 0.5 16.1 12:35 NE 2 15.0 20.1 16:45 12.0 7:00 3.4 0.1 0.0 0.2 11.3 11:40 NE 3 16.8 20.0 16:50 12.8 1:50 1.7 0.3 0.0 0.8 16.1 17:50 NE 4 19.6 23.9 14:40 17.6 4:50 0.2 1.5 0.0 0.6 14.5 6:30 NE 5 18.1 23.1 14:45 13.6 5:25 1.5 1.2 0.0 0.3 16.1 15:20 E 6 17.6 23.0 15:50 12.4 23:40 1.8 1.0 0.0 0.8 16.1 16:10 E 7 15.9 24.3 16:25 8.8 6:50 3.8 1.4 0.0 0.0 1.6 3:40 ENE 8 16.7 25.9 16:10 8.8 7:20 3.5 1.9 0.0 0.2 8.0 12:00 SW 9 18.8 27.2 15:30 12.2 6:25 2.1 2.6 0.0 0.2 9.7 15:45 SW 10 19.1 27.4 15:05 11.7 7:00 1.8 2.6 0.0 0.0 0.0 --- --- 11 17.1 24.7 13:35 11.9 7:15 2.0 0.8 3.2 0.2 14.5 12:55 SW 12 12.9 16.9 0:30 9.7 23:40 5.4 0.0 24.6 0.2 9.7 12:05 SSW 13 11.8 17.0 16:40 8.3 6:10 6.5 0.0 0.2 0.2 11.3 16:05 E 14 11.8 19.8 16:25 4.6 7:15 6.6 0.1 0.0 0.2 8.0 13:30 NW 15 13.3 20.6 15:10 6.8 6:05 5.3 0.3 0.0 0.3 11.3 14:15 NE 16 13.7 22.2 16:00 6.6 6:55 5.2 0.6 0.0 0.2 9.7 16:20 NW 17 15.4 23.1 15:05 9.2 6:20 3.9 1.0 0.0 0.2 8.0 13:30 NW 18 15.2 21.9 13:25 8.4 7:05 3.7 0.5 5.0 0.0 6.4 13:45 SW 19 13.1 17.0 15:20 7.2 23:55 5.2 0.0 4.4 0.3 16.1 18:20 WNW 20 9.8 17.6 16:20 3.3 6:40 8.5 0.0 0.0 0.2 11.3 14:20 NE 21 13.0 22.7 16:40 4.8 7:10 6.0 0.7 3.2 0.5 12.9 15:45 SSW 22 16.1 17.4 10:15 13.6 23:55 2.3 0.0 12.2 0.3 16.1 4:20 SSW 23 15.4 20.3 16:10 12.9 23:55 3.1 0.2 0.2 0.0 1.6 0:10 ENE 24 14.6 18.7 17:35 10.8 23:05 3.7 0.0 12.6 1.3 22.5 14:45 SSW 25 14.4 18.3 12:40 9.7 6:20 3.9 0.0 0.0 0.0 3.2 0:05 SSW 26 11.8 16.7 14:55 9.6 00:00 6.5 0.0 13.0 0.3 12.9 15:55 WNW 27 11.4 18.3 15:30 6.4 5:15 6.9 0.0 7.0 2.3 24.1 16:00 SW 28 10.9 18.3 16:05 5.1 7:00 7.4 0.0 0.2 0.0 0.0 --- --- 29 11.0 12.7 16:30 8.3 1:45 7.3 0.0 13.2 0.0 1.6 3:20 NNW 30 12.2 14.6 16:20 10.3 1:45 6.1 0.0 2.0 0.0 0.0 --- --- ------------------------------------------------------------------------------------- 14.5 27.4 10 3.3 20 131.1 16.8 107.0 0.3 24.1 27 NE Max >= 32.0: 0 Max <= 0.0: 0 Min <= 0.0: 0 Min <= -18.0: 0 Max Rain: 24.61 ON 12.09.12 Days of Rain: 15 (> .2 mm) 12 (> 2 mm) 1 (> 20 mm) Heat Base: 18.3 Cool Base: 18.3 Method: Integration